+ 2*x + 60. Suppose 10 + x = b. Let h = 9 - -4. What is the remainder when b is divided by h?
12
Suppose -y - y = 5*m - 98, 4*y = m + 174. Let a = 31 - -1. Suppose -a = -4*z + 28. What is the remainder when y is divided by z?
14
Suppose 3*b - 18 = -3. Suppose -t = 2*l, b*l + 0 = -5*t - 5. Calculate the remainder when l is divided by 1.
0
Let g(y) = 2*y**3 + 31*y**2 - 23*y - 101. What is the remainder when 69 is divided by g(-16)?
3
Suppose 2*a + 437 = 463. Calculate the remainder when 193 is divided by a.
11
Let k be 0/(1 - -1) - 7. Let p be (39 + -3)*1/(-3). Let q = k - p. Calculate the remainder when 8 is divided by q.
3
Let z(o) = o + 4. Let i(r) = 2*r**2 - 4. Let a be i(2). What is the remainder when 13 is divided by z(a)?
5
Let z = 11 + 68. Suppose 0 = -3*w - 5*g + 53, 6*g - g = -4*w + z. Calculate the remainder when 100 is divided by w.
22
Suppose -2*x = -4*z - 6*x - 84, 83 = -4*z - 3*x. Let m = z - -36. Calculate the remainder when 43 is divided by m.
11
Let g be 5*((-1 - 6) + 1). What is the remainder when 153 is divided by 5 + -4 + (0 - g)?
29
What is the remainder when (2/(32/(-76)))/(9/(-612)) is divided by 18?
17
Suppose 0 = 12*f - 8*f + 4*n - 256, 4*n - 194 = -3*f. Calculate the remainder when f is divided by 5.
2
Suppose -216 = -5*c - 4*q, -8*c + 2*q = -3*c - 192. What is the remainder when c is divided by 16?
8
Let c(m) = -9*m - 29. Let o(f) = -5*f - 14. Let d(z) = 3*c(z) - 5*o(z). Let k be d(-7). Let p = 16 + k. What is the remainder when 38 is divided by p?
12
Let m(i) be the first derivative of -i**4/4 - 4*i**3/3 + 7*i**2/2 - 3*i - 25. What is the remainder when 213 is divided by m(-6)?
24
Let p = -209 - -269. Calculate the remainder when 70 is divided by p.
10
Suppose -4*l - 95 = -3*g, -l = -5*g + 2*l + 151. Suppose -3*x - 2*x + g = -2*c, 0 = 5*c - x + 15. What is the remainder when (1 - 3) + c - -39 is divided by 12?
11
Let m = -369 - -562. What is the remainder when m is divided by 89?
15
Let x be 0 - (2 - (6 + -5 + 1)). What is the remainder when (x + -2)/(-3*6/297) is divided by 17?
16
Let u(n) = 2*n**2 - 11*n + 2. Let b(y) = y**2 + y - 2. Calculate the remainder when b(-10) is divided by u(7).
19
Let c(h) = -h + 5. Let a be 3/18 + -3 + (-58)/(-12). Suppose 3*r - 165 = -a*r. What is the remainder when r is divided by c(-4)?
6
Suppose 0*m + 4*m = -4*n + 32, -5*n + 24 = m. Let i(u) = u**3 - 2*u**2 - 6*u + 4. What is the remainder when 32 is divided by i(n)?
8
Let v be 2 - (2 + -1*(3 - -2)). What is the remainder when -3 - v/((-5)/72) is divided by 24?
21
Calculate the remainder when 3 - 4 - -29 - -2 is divided by (-2 - -19)*(0 + 1).
13
Let x be (-1)/2*(-3)/(18/(-12)). Let v(w) = -17*w - 1. What is the remainder when 30 is divided by v(x)?
14
Suppose 5*f - 5*b + b = 176, -2*f - 5*b + 44 = 0. Suppose 0 = -o - 2*o. Suppose o = -4*q + 239 + 5. What is the remainder when q is divided by f?
29
Let g(a) = 2*a**3 + 17*a**2 - 10*a + 2. Suppose 2*p = -0*p - 18. What is the remainder when 52 is divided by g(p)?
8
Suppose -3*z = 2*r - 628, -1626 = -5*z - 2*r - 582. What is the remainder when z is divided by 53?
49
Let p(d) = 13*d**2 - 4*d + 2. Calculate the remainder when p(4) is divided by ((-570)/12 + 23)*-2.
47
Suppose -36*s + z = -39*s + 47, -4*s + 62 = z. What is the remainder when 171 is divided by s?
6
Let l = 9 - 42. Let w = l - -57. Suppose -x - 5*r = -23, -3*x + 28 = 4*r - 19. Calculate the remainder when w is divided by x.
11
Suppose -3*x + 164 = -5*u + u, -54 = -x + u. Calculate the remainder when x is divided by ((-60)/(-70))/((-4)/(-84)).
16
Suppose 16*o = -2*o + 16614. Calculate the remainder when o is divided by 66.
65
Let i(p) = 65*p**3 - p**2 - 1. Calculate the remainder when i(1) is divided by 17.
12
Let a = 2835 + -2789. What is the remainder when a is divided by 9 + (0 - 1)*1?
6
Let w(g) = 110*g. Suppose 35 = 3*l + 2*j - 45, 0 = -4*l - j + 110. What is the remainder when w(1) is divided by l?
26
Let w be -3*4/(-6)*1. Suppose w*x - 15 = -3*x. What is the remainder when (24/40)/((-1)/((-30)/2)) is divided by x?
0
Calculate the remainder when 195 is divided by 2016/77 + (-4)/66*3.
13
Let d(v) = v**2 - v - 39. Let r be d(-6). Suppose -3*m - 2*f = r*f - 19, 4*m + 3*f - 40 = 0. What is the remainder when 31 is divided by m?
5
Let f(w) = -w**3 + 9*w**2 - 15*w + 1. Calculate the remainder when 682 is divided by f(6).
17
Let g = 77 - 156. Let y = g + 86. Calculate the remainder when 19 is divided by y.
5
Suppose 4*z = 5*q - 1 + 11, 3*z - 5*q = 10. Let x = z + -1. Calculate the remainder when 23 is divided by x/4 - 106/(-8).
10
Suppose -88 = -8*v + 6*v. Suppose v = -0*u + 2*u + l, 5*l - 76 = -4*u. What is the remainder when 92 is divided by u?
20
Suppose 28 = 5*h - 12. Suppose -2*u + h = -0. Calculate the remainder when 18 is divided by u.
2
Let y(a) = 9*a**2 + 4*a + a**3 + 5 + 0*a + 7*a. Calculate the remainder when 101 is divided by y(-7).
23
Let q(k) = k**2 + 5*k + 9. Let m(s) = s**3 + 4*s**2 + s - 1. Let p be m(-4). Calculate the remainder when 35 is divided by q(p).
8
Let p(n) = 3*n**2 + 6*n - 10. What is the remainder when 68 is divided by p(-4)?
12
Let a be (2 + (-5)/2)*-2. Suppose -54*v = -18*v - 72. Suppose 0 = -5*w - v*b + 127, 0 = 3*b - 2 - a. What is the remainder when w is divided by 14?
11
Suppose -5*i + 125 = 5*h, -20*i + 19*i + 4*h = 0. Calculate the remainder when 59 + 0/(1 - 2) is divided by i.
19
Let v = -74 + 104. Let i = 38 - v. What is the remainder when 13 is divided by i?
5
Let u = 48 - 11. Let f(s) = s - 1 - 6*s + 1. What is the remainder when u is divided by f(-2)?
7
Let r = 115 - 17. Let x = 216 + -165. Calculate the remainder when r is divided by x.
47
Let p = 225 - 324. Let i = p + 165. What is the remainder when i is divided by 34?
32
Suppose -5*v + c + 25 = 5*c, -4*v + 20 = 2*c. Suppose 2*b - 26 = 5*s, 2*b - 27 = -v*s - 1. Calculate the remainder when 50 is divided by b.
11
Let l(o) = -o**3 - 2*o**2 + 2*o + 2. Let k be l(-3). Suppose -5*q + 4*i - 14 + 160 = 0, k*i - 95 = -3*q. What is the remainder when 54 is divided by q?
24
What is the remainder when (-7)/((-35)/30) + (69 - 0) is divided by 8?
3
Let x be (1/(-2))/(1/(-2)). What is the remainder when 22 is divided by x/2*(4 - -6)?
2
What is the remainder when 371 is divided by 74/1147 + 678/62?
8
Let t(x) = x**3 - 11*x**2 + 10*x + 12. Let b be t(10). Suppose 4*z + 80 = 8*z. Calculate the remainder when 2/(-6) - (-472)/b is divided by z.
19
Suppose 8*i + 0*i - 8 = 0. Let g = -1 - -2. What is the remainder when 45 is divided by 25 - (g + i - 1)?
21
Suppose -p - 1 = -2*a - 29, -5*a = -25. Suppose -14*w - p = -16*w. What is the remainder when 56 is divided by w?
18
Suppose -5*y + 15 = -0*y. Suppose u - 4*v = 42, -y*v = -u - 4*v + 57. What is the remainder when (18/u)/((-1)/(-153)) is divided by 18?
15
Let l = -145 + 214. Let u = 34 - -107. Suppose -l - u = -5*i. What is the remainder when i is divided by 22?
20
Let j be ((-4)/(-5))/(6/30). Suppose -2*v + 14 = z - j*v, -5*z + 34 = -v. Suppose 0 = 3*t - z*t + 165. What is the remainder when t is divided by 29?
26
Let o(s) = s**3 - s**2 + 2*s + 94. What is the remainder when o(0) is divided by 12?
10
Let p(q) = q + 9. Let g be p(-3). Calculate the remainder when 41 is divided by (-87)/(-4) - g/(-24).
19
Let r(v) = v - 1. Let s be r(6). Let f(p) = -p**2 + 4*p - 5. Let x be f(s). Let w = 61 - x. What is the remainder when w is divided by 18?
17
Let a(d) be the third derivative of -5*d**2 + 0*d + 5/6*d**3 + 0 + 1/120*d**6 - 1/30*d**5 - 1/8*d**4. Calculate the remainder when a(5) is divided by 17.
14
Let g(f) = 2*f**3 - 10*f**2 + 4*f - 23. Let v(b) = 3*b**3 - 15*b**2 + 6*b - 35. Let d(p) = 7*g(p) - 5*v(p). Calculate the remainder when d(4) is divided by 8.
6
Calculate the remainder when 100 is divided by 50 - ((-84)/(-14) + 1*-3).
6
Suppose 4*z + 3*p - 118 = 0, 4*z = 3*z - p + 29. Calculate the remainder when z is divided by 19.
12
Let r = 5 + 35. Let n = 177 + -94. Suppose 4*w = 4*z + 80, z + 0*z = 4*w - n. Calculate the remainder when r is divided by w.
19
Suppose j - 6*j = -20. Suppose 0 = -j*h - 16, 3*h + 94 = 2*g + h. Let v = 1 + 14. What is the remainder when g is divided by v?
13
Let i(j) = 2*j**2 + 21*j - 6. Calculate the remainder when 8 is divided by i(-11).
3
Calculate the remainder when